nder when 7 is divided by k?
1
Let c = 2 + 0. Suppose 0 = -3*o - 1 + 16. Suppose 0 = -o*g - 4 + 9. What is the remainder when c is divided by g?
0
Let z = 30 + -17. Suppose -4*l - 2 = -102. What is the remainder when l is divided by z?
12
Let t(k) = 2*k**2 - 5*k + 2. Let b = 2 + 1. Let a be t(b). Suppose i - 9 = -2*c, 2*c + 0*c - 13 = -a*i. Calculate the remainder when 10 is divided by c.
2
Calculate the remainder when 48 - (2 - (6 + -3)) is divided by 25.
24
Let n = -27 + 52. Suppose -2*w + 80 = 5*t + 3*w, 5*t - 56 = 3*w. What is the remainder when n is divided by t?
12
Let q = 5 - 3. Suppose -3*g - 5*p + 3 = -5, 0 = 5*g - q*p - 3. Let i(k) = 21*k**2 - k. Calculate the remainder when i(g) is divided by 11.
9
Suppose -2*u + 6*u = -2*w + 128, u + 76 = w. Calculate the remainder when w is divided by 15.
12
Suppose -4*y - 3 + 11 = 0. Suppose -2*r + 35 = y*b - 5*r, -58 = -4*b + 2*r. What is the remainder when 25 is divided by b?
12
Let t(u) = 15*u. Let g be t(-1). Let n = 11 + g. Calculate the remainder when (-142)/(-6) + n/6 is divided by 8.
7
Let k = -81 + 108. What is the remainder when 214 is divided by k?
25
Let o(p) = 2*p**3 + p**2 + p - 1. Let g(c) = c**3 + 7*c**2 - 7*c + 10. Let y be g(-8). Let m = y - -6. What is the remainder when m is divided by o(1)?
2
Let f = 34 + -21. Calculate the remainder when 6/9*9*4 is divided by f.
11
Suppose 71*k - 66*k = 45. What is the remainder when 26 is divided by k?
8
Calculate the remainder when 38 is divided by 6*((-35)/30 + 4).
4
Suppose 0 = 5*t - 2*f - 11, 0 = 4*t - 2*f - 5 - 3. What is the remainder when (6/(-4))/(t/(-54)) is divided by 15?
12
Suppose -2*c + 39 = c. Suppose 2*d + 0*d = 74. Calculate the remainder when d is divided by c.
11
Let y = 2 + 4. Let r(s) = -2*s**2 + 2*s + 2. Let p(g) = -3*g**2 + 3*g + 3. Let m(x) = -3*p(x) + 4*r(x). What is the remainder when m(4) is divided by y?
5
Suppose 0 = 3*q - 2*q - 6. Calculate the remainder when 49 is divided by (-68)/q*(-6)/4.
15
Suppose 5*w - 124 = 111. What is the remainder when w is divided by 17?
13
Let p = 25 + 10. Let j be (-2)/(-2) - (-21 + -4). Suppose 3*g - j = 1. What is the remainder when p is divided by g?
8
Suppose -5*c - 5*r + 40 = 0, -4*c - 4*r + 37 = r. Suppose -74 = -c*k + 4*j, -2*k + j + 26 = 3*j. What is the remainder when k is divided by 11?
7
Suppose 6*w + 146 = 8*w. Calculate the remainder when w is divided by 19.
16
Let c(a) = a**3 + 5*a**2 - 6*a + 2. Let n = 0 - 5. Calculate the remainder when c(n) is divided by 11.
10
Suppose 2*a = -4*t - t + 231, 0 = 2*t - 4*a - 102. What is the remainder when 186 is divided by t?
45
Suppose 3*q - 31 = 5*t, 3*q - 15 = -0*t - 3*t. Let n = q - 5. Let s(b) = b**3 + 2*b**2 + 2*b - 2. Calculate the remainder when 52 is divided by s(n).
16
Suppose -5*x - 3 = -4*u, u + 3*x - 2*x - 3 = 0. What is the remainder when 3 is divided by u?
1
Let b = -3 + 5. Suppose 2*l + 160 = -b*l. Calculate the remainder when l/(-15)*(-24)/(-2) is divided by 11.
10
Let g(c) = c**2 + c + 10. Let v = 73 - 45. Calculate the remainder when v is divided by g(0).
8
Suppose -7 = -2*d + 3. Suppose 4*u = -u - y - 40, -u = y + 8. What is the remainder when 1*13*(-7 - u) is divided by d?
3
Let t(a) = 3*a**2 + 15*a + 7. Calculate the remainder when t(-6) is divided by 14.
11
Calculate the remainder when 4 - (-17 - (-1 + 2)) is divided by 12.
10
Suppose 0*b + 2*b - 56 = 0. Suppose b = 3*u - u. Suppose 32 = 3*i + 4*k, -16 = -3*i - 0*k + 4*k. What is the remainder when u is divided by i?
6
Suppose 0 = 2*j + 2*k - 24, -3*j + 38 = -k - 14. What is the remainder when 14 is divided by j/10*1*5?
6
Let g(b) be the second derivative of b**4/12 + b**3/6 - b**2/2 - b. What is the remainder when 1 + 1/(-2) - 68/(-8) is divided by g(2)?
4
Suppose 4*m = j - 133, m - 94 = -5*j + 571. Calculate the remainder when j is divided by 45.
43
Let t(v) = 2*v + 4. Let w be t(-3). Let z = 75 + -40. Calculate the remainder when z is divided by (10/4 + w)*24.
11
Suppose 2*g = 4*g + 12. What is the remainder when (-942)/(-36) + 1/g is divided by 14?
12
Suppose 56 = 4*q - 4*i, 3*i - 2*i - 8 = -q. Let z = q - 1. Let o(g) = g**2 - 8. What is the remainder when o(-6) is divided by z?
8
Let z(n) = -38*n**2 - 9*n - 7. Let t(u) = 19*u**2 + 5*u + 4. Let m(d) = -5*t(d) - 3*z(d). What is the remainder when 53 is divided by m(-1)?
17
Let y(b) = b**2 + 3. Let v be y(-3). Suppose -3*t = -4*t + v. Suppose 0 = -3*i - 35 + 137. Calculate the remainder when i is divided by t.
10
Let a(w) = w**2 - 13*w + 11. Let l(x) = -x**3 - 6*x**2 + 4*x - 9. Let j be l(-7). Let f be a(j). Calculate the remainder when 0 - (1 + f + -22) is divided by 6.
4
Let b(s) = s**2 - s - 27. Calculate the remainder when b(-6) is divided by 3.
0
Let z(a) = 2*a + 29. Calculate the remainder when 36 is divided by z(-8).
10
Let q(t) = 2*t + 14. Let i = 35 + -19. Suppose -i + 60 = 4*y. What is the remainder when q(9) is divided by y?
10
Suppose 0 = -m - 1, 0 = -7*g + 2*g - 5*m + 25. Suppose 3 = -3*f + g. Calculate the remainder when 7 is divided by 5 - ((f - 2) + 2).
3
Let p = 6 + 6. Let a = p - 9. Suppose 8*o - 90 = a*o. What is the remainder when 35 is divided by o?
17
Let l(y) be the second derivative of 2*y**3 - y**2/2 + 3*y. Calculate the remainder when l(1) is divided by 4.
3
Let f(y) = 119*y**2 + 2*y - 1. Let r be f(1). Suppose -2*l = q - 3*q - r, 144 = 2*l + 4*q. Calculate the remainder when l is divided by 22.
20
Let w = -2 + 5. Suppose w*j - 80 - 40 = 0. Let z(k) = -3*k**3 - 2*k**2 + k. What is the remainder when j is divided by z(-2)?
12
Suppose -5*a + b - 5*b + 75 = 0, -4*b = 2*a - 30. Suppose v + 2*v = a, 0 = 3*x - v - 31. Calculate the remainder when x is divided by 7.
5
Suppose 2*r - 20 = -3*g, 0*r = 3*g + r - 19. What is the remainder when ((-18)/1)/(-2) - -2 is divided by g?
5
Suppose 2*q - 38 = 4*q. Let o = q - -32. What is the remainder when 36 is divided by o?
10
Suppose 30 = 11*k - 9*k. What is the remainder when 44 is divided by k?
14
Let c be 7 + (1 - (-1 + 4)). Suppose o + 1 - c = 0. Calculate the remainder when ((-1)/(-3))/(4/132) is divided by o.
3
Suppose -3*v + 5*h = -15, 4*h = -v - 2*v + 15. Let b(a) = a**2 - 5*a + 5. What is the remainder when 17 is divided by b(v)?
2
Let c = 17 - 8. What is the remainder when 17 is divided by c?
8
What is the remainder when 1 is divided by (-18)/(-4)*(-30)/45 - -4?
0
Let v = -44 - -85. What is the remainder when v is divided by (-14)/((2 - 5)/15*5)?
13
Let j = -8 + 12. Suppose 0*a = -j*a + 12. What is the remainder when 8 is divided by a?
2
Suppose -k + 3 = 2*k - 3*x, 8 = 5*k - 2*x. Suppose -k*j - 81 = p, -5*j + 2*j = -5*p + 115. What is the remainder when (0 - (j + -2)) + -2 is divided by 14?
12
Let o(j) = j + 3. Let w be o(0). Let u = 6 + -3. Suppose 105 = 5*y + t, -y = -w*y - u*t + 55. What is the remainder when y is divided by 7?
6
Suppose 0 = 3*z - 6*z + 4*r + 8, -3*r + 12 = 0. What is the remainder when (6/(-4))/((-4)/(-176)*-3) is divided by z?
6
Suppose 4*d - 352 = y, 2*d + 3*d = -2*y + 427. Calculate the remainder when d is divided by 10.
7
Let p = -36 - -36. Suppose p = -2*w + 50 - 0. Suppose -3*d = -2*t + 3*t - 1, -5*d = 3*t - 19. What is the remainder when w is divided by t?
12
Let d = 23 - 11. Calculate the remainder when 23 is divided by d.
11
Suppose -5*b + 3*b + 210 = 0. Suppose b = 6*c - c. What is the remainder when c is divided by 11?
10
Let t(o) = -5*o**3 + 2*o**2 - 1. Let s(x) = x**3 + 17*x**2 + 31*x + 18. Calculate the remainder when t(-1) is divided by s(-15).
0
Let w(l) be the third derivative of -l**4/6 - l**3 - 2*l**2. Let s be w(-7). Suppose -s = -3*d - 1. What is the remainder when 12 is divided by d?
5
Let m be (-12)/1*(-2)/4. Suppose -h = -m*h + 30. Calculate the remainder when 9 is divided by h.
3
Let c(o) = -o - 4. Let j be c(-9). Let k = j - -29. What is the remainder when k is divided by 18?
16
Let o(k) = k**3 + k**2 + k - 5. Let f be o(0). Let s(a) = -a + 2. What is the remainder when 19 is divided by s(f)?
5
Suppose -m = 3*s + 11, 2*m = 4*s - 8*s - 12. Suppose -n - 3*n - 4*j = -40, -m*n - j = -34. What is the remainder when 31 is divided by n?
7
Suppose -5 = t - 24. Suppose 3*m + t + 11 = 0. Calculate the remainder when m/2*(-1 - 2) is divided by 8.
7
Suppose 44 = -2*o - 0. Let d = 35 + o. Calculate the